q) = -q**2 - 25*q + 181. What is t(i)?
-5
Suppose 0 - 14 = -s + 4*l, s + 3*l = -7. Let t(n) = 3*n - 11*n**2 + 0*n - 3 + 0*n. What is t(s)?
-41
Let r(m) = -m - 8. Suppose -91*d + 67*d - 1141 = 139*d. Calculate r(d).
-1
Let m(s) = s + 4. Let t be (3 - (-125)/(-5)) + 4. Let l be (8/(-10))/(t/45). Suppose -18 = 4*z + k - 4*k, l*k + 34 = -5*z. Determine m(z).
-2
Let p(r) = r**3 - 47*r**2 - 98*r + 7. Suppose -4*w + 135 = 3*v, 5*v - 18*w + 14*w = 257. Calculate p(v).
7
Suppose 9*j - 221 = 274. Let i = -45 + j. Let v(w) = w**3 - 10*w**2 - 10. What is v(i)?
-10
Let n(m) = -2*m + 27*m**2 + 1 + 29*m**2 - 83*m**2 - 14 + 28*m**2. Give n(0).
-13
Let q = 0 - -1. Let g(n) = 99*n**2 + 4*n - 5. Let r(t) = 12*t**2 + t - 1. Let v(i) = g(i) - 6*r(i). Calculate v(q).
26
Suppose 5 + 95 = -20*f. Let q = 0 + 2. Let d(t) = -1 + 4*t**2 - t**2 + 3*t - q*t**2. Give d(f).
9
Let y(c) be the third derivative of -c**4/8 + 19*c**3/3 + 85*c**2 + 1. What is y(15)?
-7
Suppose 5 = -4*j - 3. Let b = j + 3. Let g(q) be the first derivative of 13*q**3/3 - q - 348269. Determine g(b).
12
Let z(p) = -p**3 - p**2 + 3*p - 4. Suppose -33 + 51 = 2*y. Suppose -7*h + y = -6*h. Suppose -3*t - 18 + h = 0. Give z(t).
5
Let c(l) = -l**2 + l - 6. Let u(o) = o**3 + 31*o**2 + 30*o - 65. Let m be u(-30). Let s be (-335)/m - (-14)/(-91). Determine c(s).
-26
Let p(j) = 3*j**3 + 10*j**2 - 3*j - 4. Suppose -16 = 46*x - 42*x. Let i(q) = -2*q**2 + 2. Let v(b) = x*i(b) - p(b). Give v(2).
-30
Let b(x) = -6*x - 49. Let j be b(-9). Let o be 180/(-50)*j*(-1)/(-2). Let q(u) = u**3 + 10*u**2 + 8*u. What is q(o)?
9
Let x = 94 - 91. Let c(d) = 4 + 2*d**2 + 0*d**2 - x*d**2 - d - 3*d**2 + d**3. Calculate c(4).
0
Let a(w) = -w**3 - 6*w**2 - 4*w - 5. Let c(n) = -n**2 + 18*n - 20. Let v be c(14). Let u be (-90)/v*26/(-5). Suppose -u*o = -4*o + 45. Give a(o).
-10
Let k(p) = p + 1. Let v(x) = -x**3 - 2*x**2 + 3*x. Let a be v(-3). Let i be a + (-4)/(-14) + (-40)/(-7). Suppose 2*b + 6 = -i. What is k(b)?
-5
Let r(i) be the second derivative of -1/6*i**4 - 16*i + 0 - 1/2*i**2 - i**3. Give r(-4).
-9
Let q(o) = -2*o**2 + 210*o - 424. Let c be q(2). Let z(g) = g**2 + 7*g - 12. Give z(c).
48
Suppose -37*n + 18*n = 76. Let t(f) = -f**3 - f**2 + 8*f - 6. What is t(n)?
10
Let n(i) = -i**3 - 5*i**2 - i + 3. Suppose -5*a - 4*t = -35, 5*a - 22 = a - 2*t. Suppose -2*y + 7 = -6*y + a*k, -30 = 6*y + 2*k. Calculate n(y).
-9
Let u(a) = 45*a - 37. Let h(m) = -42*m + 32. Let w(n) = 7*h(n) + 6*u(n). What is w(2)?
-46
Let c(q) be the third derivative of -7*q**5/20 + q**4/24 - q**3/6 + 1317*q**2. Calculate c(1).
-21
Let h(f) = 6*f + 8. Let k be (-2)/6 - 52/(-12). Let s(i) = 13*i + 17. Let y(m) = k*s(m) - 9*h(m). Let r be -9 - (0/(-2) - 4). Determine y(r).
6
Let g(v) = 5*v**3 - 4*v**2 + 4. Suppose 79 + 133 = 137*z + 75. Give g(z).
5
Suppose -2*p = -3*o + 8, -4*o + 18 = -4*p + 6. Let k(c) = 6 - 3*c**o + 6*c + c**2 + 3*c**2. Determine k(-7).
13
Let t(l) = l**2 - 6*l - 1. Let w be t(6). Let b = 0 + w. Let p(n) = 8*n**3 + n**2 + n. Let c be p(b). Let j(i) = -2*i + 7. Determine j(c).
23
Suppose -27 + 7 = -10*o. Let d(r) = 0*r**2 - o + 2*r - 4*r**3 + 2*r**3 + 2*r**2 + 3. What is d(-1)?
3
Let m(d) = 5311 - 5303 - 2*d**2 + d**2 + 5*d**2 - 13*d - 17*d. Give m(7).
-6
Let h(k) = 0*k**2 - 997 + 981 + k**2. What is h(7)?
33
Let s = -26497/3 - -8833. Let u(c) be the third derivative of -s*c**3 + 0 + 1/24*c**4 + 11*c**2 + 0*c. Calculate u(0).
-4
Let u(z) = -z**2 + 5*z. Let y be u(4). Let t = -6 + y. Let a(w) = -100*w**2 + 51*w**2 - w**3 + 3*w + 3 - 1 + 49*w**2. Calculate a(t).
4
Let q = 205 + -197. Let n(j) = 22*j**2 - q*j + 6 - 23*j**2 + 1. Let d be (2/1)/(2/(-8)). Calculate n(d).
7
Let q(w) = w**3 - 9*w**2 - 22*w + 8. Let j be q(11). Let n(b) = -j*b - 82 + 10*b + 92. Determine n(-6).
-2
Suppose 16*y = 680 + 488. Suppose 0 = -4*z + 20 + 24. Let t(k) = -z - 6 - 74*k + y*k + 1. Determine t(0).
-16
Let i(o) be the third derivative of -13*o**4/8 - 11*o**3/3 - 2*o**2 - 6386. What is i(-3)?
95
Let g(i) = i**2 + 18*i - 82. Let r = 14512 + -14533. Give g(r).
-19
Let d(m) be the first derivative of -m**4/12 - m**3/3 + 2*m**2 - 55*m + 14. Let o(i) be the first derivative of d(i). Calculate o(-3).
1
Let s(g) = -g - 5*g - 8 + 2*g + g**2. Let o(k) = k**2 + 616*k + 53661. Let x be o(-105). Calculate s(x).
4
Let k be ((-55)/(-44) - 9) + 8. Let o(l) be the third derivative of 1/120*l**6 + 5*l**2 + 0*l + 0 + k*l**4 - 1/12*l**5 - 1/6*l**3. What is o(4)?
7
Let i(l) = -l**2 + 33*l - 254. Suppose -179*j + 23*j = 244*j - 8000. Give i(j).
6
Let n(j) = -j**2 - 139*j + 1435. Let g be n(-149). Let r(o) = o**2 + 49*o - 336. Determine r(g).
-6
Suppose 6*d + 176 - 182 = 0. Let y(w) = d + 0*w - 4*w - 9 - 7. Give y(-4).
1
Let q(f) = 3*f - 22. Let a be q(5). Let b(k) = -13*k + 701. Let z(c) = 3*c - 154. Let o(g) = -2*b(g) - 9*z(g). What is o(a)?
-9
Let y(z) be the second derivative of z**5/20 - 5*z**4/12 + 2*z**3 - 12*z**2 - 97*z + 1. What is y(3)?
-6
Suppose 3*j + 2*j = -2*w - 11, -18 = -3*w + 4*j. Let s(n) = -n**2 + 22*n + 4 - 23*n - w. What is s(2)?
-4
Let g(w) = -7*w**2 - 45*w + 46. Let u be (2 + -4)*(432/(-32) - -13). Determine g(u).
-6
Let w(c) = 5*c**2 + 3*c - 77. Let g(n) = -6*n**2 - 4*n + 75. Let m(y) = 4*g(y) + 5*w(y). Determine m(0).
-85
Let i(h) = -4*h**3 + 23*h**2 + 108 - 81 + 2*h**3 - 49*h + 3*h**3. Determine i(-25).
2
Let m(w) = -343 + 342 - 6*w + 3288*w**2 - 3287*w**2. What is m(4)?
-9
Let v(y) be the second derivative of 5*y**4/4 + y**3 + 2*y**2 + 4616*y. Calculate v(-1).
13
Let t(c) = c**3 - 16*c**2 + 15*c + 63. Let a be t(15). Let u(n) = 99*n - 37*n - a*n. Give u(0).
0
Let j(d) = d**3 + 2*d**2 - 2*d - 1. Suppose 4 = -2*x + 4*g, 8*g = 5*x + 9*g - 12. Suppose -3*q = -0*q - 3*p - 12, -3*q - x*p = -2. Give j(q).
11
Let j(w) = w - 2. Let u be 4 + 6 + -2 + -1. Suppose 0 = 4*y + 12, -u*v - 69 = -3*v - y. Let o be 3 - (-50)/v - (-94)/(-18). What is j(o)?
-7
Let z(k) be the first derivative of 1/4*k**4 + 7/3*k**3 + 0*k**2 + 15 - 10*k. Let q be (-66)/6 + 4/1. Calculate z(q).
-10
Let k(c) = 34*c**2 + 31*c - 1. Let w be k(-1). Let q(m) be the third derivative of -1/15*m**5 + 1/24*m**4 + 0 + 1/120*m**6 + 1/3*m**3 + 2*m**2 + 0*m. Give q(w).
-4
Let y(v) = v**2 - 9*v + 4. Let q(k) = k - 1. Let b(s) = q(s) - y(s). Let f(p) = 11*p + 10. Let x be f(-4). Let r = -30 - x. Determine b(r).
19
Suppose 2*s = -7189*u + 7193*u - 8, -32 = -4*s - 4*u. Let x(q) = q**3 - 7*q - 7. Determine x(s).
29
Let r(n) = n**3 + 3*n**2 + 2. Let q(z) = -2*z**2 - 4 - 7*z**2 + 178*z**3 + 14*z - 177*z**3. Suppose 4*g = g + 21. Let o be q(g). Give r(o).
-14
Let t(z) = -4*z**2 + 19*z - 22. Let g(h) = -h**2 + 6*h - 2. Let q(w) = -3*g(w) + t(w). Determine q(0).
-16
Let q(b) be the second derivative of -b**5/20 + b**4/3 + 2*b**3 - 4*b**2 + 51*b - 4. Determine q(6).
-8
Let g = -16440 + 16448. Let t(i) = -20*i + 164. Calculate t(g).
4
Let b(h) = 5*h**2 - 4*h**2 - 716*h + 583*h - 42 + 130*h. What is b(8)?
-2
Let a(c) be the third derivative of -c**5/20 - c**4/8 + c**3/3 - 170*c**2. Determine a(-3).
-16
Suppose 10*q = 5*q - 80. Let k be 28/q + (-45)/(-60). Let n(t) = 32*t**2 + 2*t + 1. What is n(k)?
31
Let g(s) be the first derivative of -s**4/2 + s**3/3 + s**2 + 5*s - 50. Let y(a) = -5*a**3 + 3*a**2 + 5*a + 11. Let h(u) = -7*g(u) + 3*y(u). Determine h(2).
0
Let r(u) = 104*u - 112*u - 8*u**2 - u**3 - 2 - 2. What is r(-7)?
3
Let l(w) be the first derivative of -1/3*w**3 - 39*w - 224 - 11*w**2. Calculate l(-20).
1
Let c(g) be the third derivative of 0*g - 1/8*g**4 + 23*g**2 - 1/2*g**3 + 2. What is c(8)?
-27
Let f(r) = -r**3 - 12036323*r + 14*r**2 + 29 + 12036305*r - 9. What is f(13)?
-45
Let a(t) = 2*t + 8. Suppose 12*c = -c + 65. Suppose 2*k = 5*h + 5, -2*k + c*k - h = 14. What is a(k)?
18
Let c(b) = -b**2 + 72*b + 823. Let f be c(-10). Let h = -7 + 10. Let o(l) = l**3 + 6*l**3 + 5*l**h - 4*l**f. Calculate o(1).
8
Let b(p) = 41*p - 35. Let g(j) = -543*j - 7058. Let x be g(-13). Determine b(x).
6
Let g(l) be the second derivative of l**4/24 - l**3 - 267*l**2/2 - l + 112. Let k(i) be the first derivative of g(i). What is k(12)?
6
Let g(v) = 10*v + 10 + 41 - 61 + 8 - v**2. Determine g(9).
7
Let z(h) be the third derivative of -h**4/3 + 13*h**3/6 - 856*h**2. What is z(4)?
-19
Let f(h) = 4*h**2 - 10*h - 11. Let l(n) = 3*n**2 - 1